{"id":105,"date":"2018-04-12T00:30:14","date_gmt":"2018-04-11T22:30:14","guid":{"rendered":"http:\/\/goethehausmeknes.1telligenceweb.com\/?page_id=105"},"modified":"2018-04-12T01:21:15","modified_gmt":"2018-04-11T23:21:15","slug":"allemande","status":"publish","type":"page","link":"http:\/\/www.goethehausmeknes.com\/?page_id=105","title":{"rendered":"Allemande"},"content":{"rendered":"<p><strong>Conna\u00eetre l&rsquo;allemand, c&rsquo;est communiquer avec plus de 100 millions de personnes \u00e0 travers le monde<\/strong><br \/>\nL\u2019allemand est la langue officielle de l\u2019Allemagne, de l\u2019Autriche, de la Suisse et du Luxembourg. Un quart des europ\u00e9ens parlent allemand et la langue allemande est l\u2019une des 10 langues les plus parl\u00e9es dans le monde.<\/p>\n<p><strong>Zertifikat Start Deutsch A1<\/strong><\/p>\n<p>&#8211; Le certificat Goethe-Zertifikat A1: Start Deutsch 1 suppose des connaissances linguistiques tr\u00e8s simples. L\u2019examen correspond au premier degr\u00e9 (A1) de l\u2019\u00e9chelle de six niveaux de comp\u00e9tence du\u00a0<a href=\"http:\/\/www.goethe.de\/z\/50\/commeuro\/303.htm\" target=\"_blank\" rel=\"noopener\">Cadre europ\u00e9en commun de r\u00e9f\u00e9rence pour les langues<\/a>.<\/p>\n<p>&#8211; Cet examen est accept\u00e9 par l&rsquo;Ambassade d&rsquo;Allemagne \u00e0 Rabat comme preuve de connaissances d&rsquo;allemand dans le cadre du regroupement familial.<\/p>\n<p>T\u00e9l\u00e9charger ce document pour plus d&rsquo;information :\u00a0<a href=\"http:\/\/goethehausmeknes.com\/images\/sampledata\/fichiers\/Departement%20de%20langue%20allemande.pdf\" target=\"_blank\" rel=\"noopener\">Cliquez-ici<\/a><\/p>\n","protected":false},"excerpt":{"rendered":"<p>Conna\u00eetre l&rsquo;allemand, c&rsquo;est communiquer avec plus de 100 millions de personnes \u00e0 travers le monde<br \/>\nL\u2019allemand est la langue officielle de l\u2019Allemagne, de l\u2019Autriche, de la Suisse et du Luxembourg. Un quart des europ\u00e9ens parlent allemand et la langue allemande est l\u2019une des 10 langues les plus parl\u00e9es dans le monde.<\/p>\n","protected":false},"author":1,"featured_media":135,"parent":103,"menu_order":6,"comment_status":"closed","ping_status":"closed","template":"","meta":[],"_links":{"self":[{"href":"http:\/\/www.goethehausmeknes.com\/index.php?rest_route=\/wp\/v2\/pages\/105"}],"collection":[{"href":"http:\/\/www.goethehausmeknes.com\/index.php?rest_route=\/wp\/v2\/pages"}],"about":[{"href":"http:\/\/www.goethehausmeknes.com\/index.php?rest_route=\/wp\/v2\/types\/page"}],"author":[{"embeddable":true,"href":"http:\/\/www.goethehausmeknes.com\/index.php?rest_route=\/wp\/v2\/users\/1"}],"replies":[{"embeddable":true,"href":"http:\/\/www.goethehausmeknes.com\/index.php?rest_route=%2Fwp%2Fv2%2Fcomments&post=105"}],"version-history":[{"count":3,"href":"http:\/\/www.goethehausmeknes.com\/index.php?rest_route=\/wp\/v2\/pages\/105\/revisions"}],"predecessor-version":[{"id":128,"href":"http:\/\/www.goethehausmeknes.com\/index.php?rest_route=\/wp\/v2\/pages\/105\/revisions\/128"}],"up":[{"embeddable":true,"href":"http:\/\/www.goethehausmeknes.com\/index.php?rest_route=\/wp\/v2\/pages\/103"}],"wp:featuredmedia":[{"embeddable":true,"href":"http:\/\/www.goethehausmeknes.com\/index.php?rest_route=\/wp\/v2\/media\/135"}],"wp:attachment":[{"href":"http:\/\/www.goethehausmeknes.com\/index.php?rest_route=%2Fwp%2Fv2%2Fmedia&parent=105"}],"curies":[{"name":"wp","href":"https:\/\/api.w.org\/{rel}","templated":true}]}}